ousands digit of 16126009?
6
What is the hundreds digit of 10111363?
3
What is the tens digit of 161966?
6
What is the tens digit of 240350?
5
What is the hundred thousands digit of 1582427?
5
What is the tens digit of 83879?
7
What is the tens digit of 421127?
2
What is the hundred thousands digit of 4994834?
9
What is the tens digit of 187252?
5
What is the tens digit of 11233675?
7
What is the units digit of 6270897?
7
What is the units digit of 2503615?
5
What is the ten thousands digit of 361908?
6
What is the tens digit of 19080095?
9
What is the tens digit of 69577?
7
What is the hundred thousands digit of 644963?
6
What is the ten thousands digit of 28325231?
2
What is the units digit of 806029?
9
What is the millions digit of 1727218?
1
What is the millions digit of 32654265?
2
What is the ten thousands digit of 288506?
8
What is the thousands digit of 20457152?
7
What is the thousands digit of 1573944?
3
What is the ten thousands digit of 360722?
6
What is the hundred thousands digit of 458039?
4
What is the hundreds digit of 449117?
1
What is the millions digit of 1896292?
1
What is the hundred thousands digit of 38450377?
4
What is the hundred thousands digit of 6569291?
5
What is the thousands digit of 294280?
4
What is the tens digit of 5182603?
0
What is the thousands digit of 53674?
3
What is the ten millions digit of 13727259?
1
What is the ten thousands digit of 429213?
2
What is the hundred thousands digit of 466375?
4
What is the ten thousands digit of 11557308?
5
What is the hundreds digit of 2186211?
2
What is the ten thousands digit of 238695?
3
What is the ten thousands digit of 19346712?
4
What is the thousands digit of 459920?
9
What is the hundred thousands digit of 3489824?
4
What is the units digit of 150573?
3
What is the tens digit of 23511692?
9
What is the tens digit of 8640753?
5
What is the units digit of 672587?
7
What is the hundreds digit of 11712841?
8
What is the hundreds digit of 4328591?
5
What is the tens digit of 481849?
4
What is the hundred thousands digit of 696994?
6
What is the tens digit of 3349595?
9
What is the ten thousands digit of 11841465?
4
What is the ten thousands digit of 12032143?
3
What is the millions digit of 3520839?
3
What is the tens digit of 4256695?
9
What is the units digit of 9696?
6
What is the units digit of 566272?
2
What is the hundred thousands digit of 3559042?
5
What is the hundreds digit of 17813?
8
What is the hundreds digit of 323510?
5
What is the tens digit of 580565?
6
What is the ten millions digit of 18840981?
1
What is the thousands digit of 16848690?
8
What is the tens digit of 3078393?
9
What is the ten thousands digit of 5026710?
2
What is the hundred thousands digit of 448754?
4
What is the units digit of 232582?
2
What is the units digit of 996627?
7
What is the tens digit of 619879?
7
What is the hundreds digit of 894305?
3
What is the thousands digit of 150634?
0
What is the hundred thousands digit of 289512?
2
What is the millions digit of 1052313?
1
What is the tens digit of 7064744?
4
What is the hundreds digit of 2666677?
6
What is the units digit of 11417362?
2
What is the tens digit of 1811519?
1
What is the tens digit of 24738?
3
What is the thousands digit of 178660?
8
What is the tens digit of 251408?
0
What is the hundreds digit of 253801?
8
What is the hundred thousands digit of 311056?
3
What is the millions digit of 2701181?
2
What is the hundred thousands digit of 14718446?
7
What is the units digit of 1502809?
9
What is the units digit of 240139?
9
What is the hundred thousands digit of 101010?
1
What is the tens digit of 235422?
2
What is the tens digit of 2537279?
7
What is the hundreds digit of 1056182?
1
What is the hundreds digit of 128739?
7
What is the thousands digit of 595598?
5
What is the ten thousands digit of 7128425?
2
What is the hundreds digit of 398008?
0
What is the hundred thousands digit of 5726468?
7
What is the tens digit of 253166?
6
What is the units digit of 3405655?
5
What is the units digit of 947920?
0
What is the units digit of 1876891?
1
What is the hundreds digit of 5534774?
7
What is the hundred thousands digit of 162050?
1
What is the tens digit of 294527?
2
What is the millions digit of 1659061?
1
What is the thousands digit of 2903640?
3
What is the hundred thousands digit of 405263?
4
What is the ten thousands digit of 1487955?
8
What is the tens digit of 185026?
2
What is the tens digit of 271634?
3
What is the thousands digit of 3340005?
0
What is the hundreds digit of 58025?
0
What is the units digit of 477575?
5
What is the hundreds digit of 50520?
5
What is the hundreds digit of 606094?
0
What is the ten thousands digit of 139284?
3
What is the ten thousands digit of 493201?
9
What is the ten thousands digit of 1024069?
2
What is the hundred thousands digit of 935656?
9
What is the hundred thousands digit of 23354515?
3
What is the ten thousands digit of 719002?
1
What is the ten thousands digit of 109310?
0
What is the hundreds digit of 1769179?
1
What is the hundred thousands digit of 13137589?
1
What is the hundred thousands digit of 243309?
2
What is the hundreds digit of 277327?
3
What is the hundreds digit of 2098613?
6
What is the hundred thousands digit of 9139928?
1
What is the hundred thousands digit of 3357389?
3
What is the thousands digit of 3938677?
8
What is the millions digit of 2306558?
2
What is the hundred thousands digit of 691958?
6
What is the units digit of 1280577?
7
What is the hundred thousands digit of 333577?
3
What is the units digit of 478255?
5
What is the ten thousands digit of 316142?
1
What is the hundred thousands digit of 445357?
4
What is the ten thousands digit of 221233?
2
What is the hundreds digit of 317453?
4
What is the units digit of 315547?
7
What is the ten thousands digit of 2389782?
8
What is the hundreds digit of 140376?
3
What is the hundred thousands digit of 9593455?
5
What is the tens digit of 53865?
6
What is the units digit of 3082676?
6
What is the tens digit of 51127?
2
What is the ten thousands digit of 5465575?
6
What is the hundred thousands digit of 117810?
1
What is the hundreds digit of 93652?
6
What is the hundred thousands digit of 1420203?
4
What is the millions digit of 8633754?
8
What is the hundred thousands digit of 2757030?
7
What is the hundred thousands digit of 524636?
5
What is the thousands digit of 766148?
6
What is the hundreds digit of 13651523?
5
What is the millions digit of 21263330?
1
What is the hundreds digit of 437165?
1
What is the tens digit of 82407?
0
What is the units digit of 399340?
0
What is the tens digit of 1143519?
1
What is the ten thousands digit of 1110614?
1
What is the thousands digit of 120667?
0
What is the hundreds digit of 6555705?
7
What is the hundred thousands digit of 106950?
1
What is the thousands digit of 384437?
4
What is the units digit of 1202250?
0
What is the units digit of 877307?
7
What is the hundreds digit of 3317807?
8
What is the thousands digit of 2024083?
4
What is the thousands digit of 45007?
5
What is the units digit of 1543465?
5
What is the ten thousands digit of 1000703?
0
What is the thousands digit of 57696?
7
What is the hundreds digit of 9847479?
4
What is the tens digit of 24020?
2
What is the thousands digit of 5135855?
5
What is the units digit of 843281?
1
What is the millions digit of 2960900?
2
What is the ten thousands digit of 121253?
2
What is the hundred thousands digit of 801870?
8
What is the hundreds digit of 6019435?
4
What is the thousands digit of 1216538?
6
What is the units digit of 96069?
9
What is the thousands digit of 713735?
3
What is the thousands digit of 300500?
0
What is the units digit of 264292?
2
What is the millions digit of 1033720?
1
What is the hundreds digit of 563383?
3
What is the ten thousands digit of 28578?
2
What is the tens digit of 20574359?
5
What is the units digit of 1497115?
5
What is the units digit of 1222257?
7
What is the units digit of 640052?
2
What is the millions digit of 4308127?
4
What is the hundred thousands digit of 3656091?
6
What is the millions digit of 3923905?
3
What is the hundred thousands digit of 739474?
7
What is the hundred thousands digit of 927697?
9
What is the hundreds digit of 513173